3
Let g(m) = 5*m - 4. Let q be 7/21 - 16/(-6). List the prime factors of g(q).
11
Suppose 9 - 33 = -2*s. Suppose -5*q = -0*j + j - s, 31 = 4*j + 3*q. What are the prime factors of j?
7
Suppose 5*r + 113 = 3*z - 75, 2*z = -2*r + 104. Suppose 0*q = 2*q - z. Suppose -2*y = -q + 10. List the prime factors of y.
3
Let g be 2/7 - 122/(-14). Suppose -3*m + 2*t + g + 41 = 0, -2*t + 62 = 4*m. List the prime factors of m.
2
Suppose y - 2*s - 30 = 2*s, -30 = -5*y - 4*s. Suppose -y*g + 192 = -6*g. List the prime factors of g.
2, 3
Let b be (-2)/6 + (-19)/(-3). Let y(n) = n - 1. What are the prime factors of y(b)?
5
Let u(k) = k**2 - 4*k - 3. Suppose 3 = 3*x + 4*q, -2*x + 8 = -x - q. Let g be u(x). Suppose -4*m = g*i - 46, -i + 4*m + 2 = 9. List the prime factors of i.
13
Let s be 1*4 - (-1 - -3). Let h(k) = 3*k**3 + k**2 + 2*k - 1. Let n be h(s). Let y = 44 - n. What are the prime factors of y?
13
Let p be ((-3)/(-2))/((-4)/40). Let m(g) = -8*g**2 + 4. Let n be m(-2). Let s = p - n. List the prime factors of s.
13
Let m(b) = -2*b**3 - 4*b**2 - 3*b - 2. Let a be m(-2). Suppose 0 = a*g - 19 - 1. Suppose o + 16 = g*o. What are the prime factors of o?
2
Suppose 133 + 66 = q. What are the prime factors of q?
199
Let o be 24/((-1)/((-4)/6)). Suppose 3*p + h + o = 0, -59 = 4*p - 3*h - 16. Let n(f) = f**2 + 7*f + 4. List the prime factors of n(p).
2
Let d(k) = -k**2 + 3*k - 3. Let n be d(5). Let h be n/((-1)/(2/2)). Let q = h + -5. What are the prime factors of q?
2
Suppose -3*b + k - 61 = 0, -4*k - 44 = 2*b - 3*k. Let a = b - 15. Let j = a - -52. What are the prime factors of j?
2
Let u = 16 - -2. Suppose l + u = 4*l. Suppose l*y - 70 = y. What are the prime factors of y?
2, 7
Let y(f) = -3*f + 3. Let p be y(2). Let l = 9 + p. Suppose -3*m - 7 = -a, -4*m = a - 2*a + l. What are the prime factors of a?
2, 5
Let t = 25 - 15. Suppose -r + t = -0*r. Let a = 18 - r. List the prime factors of a.
2
Let j = 7 - -12. Let c be (-4 - -4 - 10)/1. Let h = j + c. What are the prime factors of h?
3
Suppose -3*p + 629 + 955 = 0. Suppose -9*m + 6*m - p = 0. List the prime factors of m/(-28) - 4/14.
2, 3
Let m = -192 + 282. List the prime factors of m.
2, 3, 5
Suppose 4*u = -0*u + 80. Let q = -11 + u. What are the prime factors of q?
3
Let r be 2/((-4)/21)*-2. Suppose -3*q - 26 = -q. Let h = q + r. What are the prime factors of h?
2
Suppose 14 = 3*y + 2*r - 6, -3*y + 14 = -4*r. List the prime factors of 15/10*64/y.
2
Let a be (3 - 1)/((-3)/(-36)). What are the prime factors of (-6)/a + 82/8?
2, 5
Suppose -15 = -4*d + 109. List the prime factors of d.
31
Let d(t) = 3*t**2 + 12*t + 16. List the prime factors of d(-7).
79
Let n(c) = c**3 - 4*c**2 - 5*c. Let o be n(5). Let h = o + 3. Suppose 2*a = -h*a + 20. What are the prime factors of a?
2
Let r = 308 + -76. List the prime factors of r.
2, 29
Let t(f) = 3*f + 58. What are the prime factors of t(-11)?
5
Suppose -2*y + 30 = 3*y. Let q be 19 - 1/(2/y). Let h = 30 - q. What are the prime factors of h?
2, 7
Suppose 0 = 3*g + 5 - 20. Suppose -g*z + 2*z = -36. List the prime factors of z.
2, 3
Suppose 3*g = -5*j - 6, 3*j = -0*g + 4*g - 21. Suppose -4 - 2 = -g*b. Suppose b*z + 2*z = 24. What are the prime factors of z?
2, 3
Let t(z) = -z**2 + 22*z - 10. What are the prime factors of t(16)?
2, 43
Suppose 2*y = 8*y - 1356. What are the prime factors of y?
2, 113
Let i(o) be the first derivative of o**3 - o**2 + 4*o - 3. What are the prime factors of i(4)?
2, 11
Let o(v) = 36*v**3 + 2*v**2 - v. Let k be o(1). Suppose 2*i + 3*z - 34 = 5*z, 0 = -i - 3*z + k. List the prime factors of i.
2, 11
Let w = -4 - 2. Let k(s) = -2*s + s - 1 + 0*s**3 - 6*s**2 - s**3. List the prime factors of k(w).
5
Suppose 126 = 3*g - 0*g. Suppose -5*m + g = -43. What are the prime factors of m?
17
Let y(z) = z**2 - 4*z + 5. Let j be y(4). Suppose -j = f - 2*f. Suppose f*v = -5*m, 3*m + 5*v + 6 = m. List the prime factors of m.
2
Suppose 8*q = 3*q. Suppose 0 = -q*r - r. Suppose r = -6*z + 4*z + 32. What are the prime factors of z?
2
Let w(k) = 2*k - 4. Let q be w(4). Suppose -5*c - q*d = -198, 6*d - 124 = -3*c + d. Suppose -o - o = 4*t - c, o = -5*t + 31. What are the prime factors of o?
11
Let v(o) = -o - 5. Let p be v(-7). Let z be 2 - (-2 + 0 + 0). Suppose -p*f - f = -5*c + 6, 0 = z*f + 4*c - 24. What are the prime factors of f?
3
Suppose 2 + 2 = 4*m. Suppose -v = -1 - m. Suppose -v*a = -6 - 18. What are the prime factors of a?
2, 3
Let k = 2 + 62. Let v be 6/(-4)*k/(-24). Suppose v*z = 32 - 0. What are the prime factors of z?
2
Let g(d) = 3*d - 6. Let c(l) = -l**3 - 12*l**2 + 8. Let q be c(-12). Suppose -6*h = -q*h + 14. What are the prime factors of g(h)?
3, 5
Suppose 0 = -4*j - 4*t + 16, 2*j + t - 3*t = 4. Suppose 0 = i - j*v - 42, 3*i - 42 - 60 = -3*v. What are the prime factors of i?
2, 3
List the prime factors of (-2 - 1) + 3 - -5.
5
List the prime factors of 112/(-2)*-1*(-9)/(-6).
2, 3, 7
Let m(k) = k + 1. Let y be m(-1). Let j(g) = g - 5. Let t be j(7). Suppose w + y*w = t. List the prime factors of w.
2
Let x(z) = -167*z + 6. What are the prime factors of x(-1)?
173
Let b = -114 - -134. List the prime factors of b.
2, 5
What are the prime factors of (11 - 3)/(2/6)?
2, 3
Suppose -2*a = -4 - 88. Suppose m - r = 5*m + 163, -5*r = -m - a. Let w = -25 - m. List the prime factors of w.
2
Suppose 0*n = -5*n + 310. List the prime factors of n.
2, 31
Suppose -2*f + 5*j = -23, -f - 3*j = -0*f + 16. Let d = f + 9. List the prime factors of d.
2
Let n(h) = -6*h**3 + 4*h**2 + 2*h - 4. What are the prime factors of n(-3)?
2, 47
Let z = 54 + -11. Suppose 2*m - 4*y - 24 = 0, 7*m - 3*m = 3*y + z. What are the prime factors of m?
2, 5
List the prime factors of 4/(-30) + (-2301)/(-45).
3, 17
Let i = 20 - 0. Suppose 4*d - i = 0, u - 2*u + 39 = d. What are the prime factors of u?
2, 17
Suppose 0 = 5*i - 5, p = 5*i + 84 - 28. Let b = p + -26. What are the prime factors of b?
5, 7
Let b(o) = o**2 - 5*o + 5. Let q be b(4). Suppose 0 = 4*p - 8 - 24. Let n = p + q. What are the prime factors of n?
3
Let i(s) = -s**2 - 3*s + 5. Let a be i(-6). Let h = 1 - a. List the prime factors of h.
2, 7
Let y(u) = -8*u - 4. Let t be y(-3). Suppose 0*c - t = -5*c. Suppose 5*s + c*a = 17, 0*a - 29 = -5*s + 2*a. What are the prime factors of s?
5
Suppose -i = -3*i + 124. What are the prime factors of i?
2, 31
Let y(c) = -3*c + 17. Let a(g) = -5*g + 33. Let s(o) = 6*a(o) - 11*y(o). Let v be s(-8). List the prime factors of 2/(-3)*(v - 2).
2, 5
Let s = 48 + -20. List the prime factors of s.
2, 7
Let p(i) = 11*i + 41. List the prime factors of p(4).
5, 17
Let q be -23 + (-1 - 1)*1. Let z = 39 + q. List the prime factors of z.
2, 7
Let k(c) = 21*c + 5. Let b(r) = -r - 1. Let s(y) = -6*b(y) - k(y). Let p be s(-1). List the prime factors of (p/6)/((-1)/(-3)).
2
Let p be 8*-1*(-15)/6. Let c = p + -14. List the prime factors of c.
2, 3
Suppose 16 = g + 2*o, -3 = -2*g + o + 4. Let i(x) = -10*x**2 - x**3 - 10*x + g*x + 2 - 6*x. What are the prime factors of i(-9)?
11
Let c(z) = z**2 + 6*z + 7. Let t be c(-5). List the prime factors of t*(4*3 - -1).
2, 13
Let w(c) = -c**2 - 2*c + 3. Let x be w(-3). Suppose -3*b + x = -6. Suppose 6*r - b*r = 16. List the prime factors of r.
2
What are the prime factors of (5*140)/5 - (1 - 2)?
3, 47
Let z(r) = 6*r + 2. Let d be z(3). Let k be (2/(-6))/((-1)/39). Let c = d - k. List the prime factors of c.
7
Suppose -20 = -3*x - 5. Suppose -23 = -6*f + x*f. What are the prime factors of f?
23
Let h = -1 + -5. Let r = 16 + h. List the prime factors of r.
2, 5
Let x(l) = 12*l**3 + 2*l**2 - 1. Let m = -10 - -11. Let z be x(m). Suppose 0 = -3*n - 1 + z. List the prime factors of n.
2
Let x(p) = -p**3 - 10*p**2 + 8*p + 13. List the prime factors of x(-11).
2, 23
List the prime factors of 32 + 0 + -2 + -2.
2, 7
Suppose -2*w = -w - 15. Let m = 8 - w. Let y = m + 16. List the prime factors of y.
3
List the prime factors of ((-12)/(-20) + 0)/((-3)/(-135)).
3
Let d(i) = -i + 16. Suppose 1 = t - 1. Suppose 2*v = -t*v. What are the prime factors of d(v)?
2
Suppose 0 = 2*k - 3 - 9. List the prime factors of k/(-9)*-12 - 1.
7
Let k(h) = 2*h - 7. Let z(t) = t**2 + 4*t - 5. Let c(u) = 2*u**2 + 8*u - 10. Let o(d) = 6*c(d) - 13*z(d). Let m be o(-4). List the prime factors of k(m).
3
Let m(c